{"id":5791,"date":"2013-05-31T08:44:43","date_gmt":"2013-05-31T06:44:43","guid":{"rendered":"http:\/\/impreza.us-themes.net\/"},"modified":"2023-04-20T08:13:02","modified_gmt":"2023-04-20T06:13:02","slug":"cours-yoga-paris","status":"publish","type":"page","link":"https:\/\/bubu.balancezone.org\/","title":{"rendered":"Cours de Yoga Paris Balance Zone"},"content":{"rendered":"<section class=\"l-section wpb_row height_auto width_full color_primary\"><div class=\"l-section-h i-cf\"><div class=\"g-cols vc_row via_grid cols_1 laptops-cols_inherit tablets-cols_inherit mobiles-cols_1 valign_top type_default stacking_default\"><div class=\"wpb_column vc_column_container\"><div class=\"vc_column-inner\">[rev_slider_vc alias=\u00a0\u00bb2019-20&Prime;]<\/div><\/div><\/div><\/div><\/section><section class=\"l-section wpb_row height_medium color_primary\" id=\"first\"><div class=\"l-section-h i-cf\"><div class=\"g-cols vc_row via_grid cols_1 laptops-cols_inherit tablets-cols_inherit mobiles-cols_1 valign_top type_default stacking_default\"><div class=\"wpb_column vc_column_container\"><div class=\"vc_column-inner\"><div class=\"g-cols wpb_row via_grid cols_1-2-1 laptops-cols_inherit tablets-cols_inherit mobiles-cols_1 valign_top type_default stacking_default\"><div class=\"wpb_column vc_column_container\"><div class=\"vc_column-inner\"><\/div><\/div><div class=\"wpb_column vc_column_container\"><div class=\"vc_column-inner\"><div class=\"wpb_text_column\"><div class=\"wpb_wrapper\"><h2 style=\"text-align: center;\"><a href=\"http:\/\/www.balancezone.org\/formation-yoga-300h-500h-800h\/\">Formation professionnelle<\/a><\/h2>\n<h3 style=\"text-align: center;\">1000h,\u00a0 800h, 500h<\/h3>\n<\/div><\/div><div class=\"w-separator size_medium\"><\/div><div class=\"w-video align_none ratio_16x9 has_iframe\"><div class=\"w-video-h\"><iframe title=\"Youtube video player\" src=\"\/\/www.youtube.com\/embed\/aE5GQ_XSyec?origin=https:\/\/bubu.balancezone.org&controls=1\" allowfullscreen=\"1\" loading=\"lazy\"><\/iframe><\/div><div class=\"w-video-icon\" style=\"font-size:1.5rem;background:rgba(0,0,0,0.5);color:#fff\"><\/div><\/div><\/div><\/div><div class=\"wpb_column vc_column_container\"><div class=\"vc_column-inner\"><\/div><\/div><\/div><\/div><\/div><\/div><\/div><\/section><section class=\"l-section wpb_row us_custom_6ef96e4e height_medium\"><div class=\"l-section-h i-cf\"><div class=\"g-cols vc_row via_grid cols_1 laptops-cols_inherit tablets-cols_inherit mobiles-cols_1 valign_top type_default stacking_default\"><div class=\"wpb_column vc_column_container\"><div class=\"vc_column-inner\"><div class=\"w-btn-wrapper align_center\"><a class=\"w-btn us-btn-style_7 us_custom_3d6bfe27\" href=\"http:\/\/www.balancezone.org\/demande-de-brochure\/\"><span class=\"w-btn-label\">Demande de brochure<\/span><\/a><\/div><\/div><\/div><\/div><\/div><\/section><section class=\"l-section wpb_row height_medium\"><div class=\"l-section-h i-cf\"><div class=\"g-cols vc_row via_grid cols_1 laptops-cols_inherit tablets-cols_inherit mobiles-cols_1 valign_top type_default stacking_default\"><div class=\"wpb_column vc_column_container\"><div class=\"vc_column-inner\"><div class=\"wpb_text_column\"><div class=\"wpb_wrapper\"><h1 style=\"text-align: center;\">Yoga \u00e0 Paris<\/h1>\n<\/div><\/div><div class=\"w-separator size_large\"><\/div><div class=\"g-cols wpb_row via_grid cols_2 laptops-cols_inherit tablets-cols_inherit mobiles-cols_1 valign_top type_default stacking_default\"><div class=\"wpb_column vc_column_container\"><div class=\"vc_column-inner\"><div class=\"wpb_text_column\"><div class=\"wpb_wrapper\"><h2><span style=\"color: #a1c038;\"><a style=\"color: #a1c038;\" href=\"http:\/\/www.balancezone.org\/immersion\/\">Immersions et stages<\/a><\/span><\/h2>\n<\/div><\/div><div class=\"wpb_text_column\"><div class=\"wpb_wrapper\"><p>BALANCE ZONE organise des <a href=\"http:\/\/www.balancezone.org\/immersion\/\">immersions yogiques<\/a> et des stages de yoga.<\/p>\n<p>Les immersions se d\u00e9roulent pendant une semaine dans un endroit idyllique en nature, en bord de mer, \u00e0 la chaleur des \u00eele et des pays chauds. Cuisine v\u00e9g\u00e9tarienne, longues pratiques du yoga vinyasa, m\u00e9ditation. C\u2019est un temps de retour vers soi et de r\u00e9g\u00e9n\u00e9ration.<\/p>\n<p>Les stages ont eux lieu \u00e0 Paris ou dans la for\u00eat de Fontainebleau. Ils durent 3 heures ou un week-end en for\u00eat . C\u2019est un moment de perfectionnement de sa pratique yogique, de spiritualit\u00e9 et de gain d\u2019\u00e9nergie avant de recommencer sa semaine d\u2019activit\u00e9 parisienne.<\/p>\n<\/div><\/div><div class=\"w-popup w-btn-wrapper align_none\"><button aria-label=\"english\" class=\"w-popup-trigger type_btn w-btn us-btn-style_7\"><span class=\"w-btn-label\">english<\/span><\/button><div class=\"w-popup-overlay\" style=\"background:rgba(0,0,0,0.85);\"><\/div><div class=\"w-popup-wrap\" style=\"--title-color:var(--color-content-heading);--title-bg-color:var(--color-content-bg-alt);--content-color:var(--color-content-text);--content-bg-color:var(--color-content-bg)\"><div class=\"w-popup-box animation_flipHor closerpos_outside without_title\" style=\"width:400px;\"><div class=\"w-popup-box-h\"><div class=\"w-popup-box-content\" style=\"padding:40px;\"><p>Balance Zone offers yoga retreats and workshops.<\/p>\n<p>One-week retreats are organised in carefully chosen centres in nature, beside the sea, often on warm Mediterranean islands (previous retreats: Ibiza, Corsica, Santorini). Vegetarian cuisine, long vinyasa yoga practice, meditation. A time for inner focus and regeneration.<\/p>\n<p>Yoga workshops take place in Paris or in the forest of Fontainebleau near Paris (3 hours in Paris or weekend in the forest). A space for mastering your practice, encountering your spirituality and clearing tension and stress before a new week back in the city.<\/p>\n<\/div><\/div><\/div><div class=\"w-popup-closer\"><\/div><\/div><\/div><div class=\"wpb_text_column\"><div class=\"wpb_wrapper\"><p><span style=\"color: #ffffff;\">yoga paris 19 ; cours ; postures ; yoga alliance ; rue ; valable ; donnes ; meilleur cours ; respiration ; tarif cours ; infos ; exercices ; studio ; voir ; salles ; horaires tarifs ; euros ; tarif cours ; enseignes ; professeurs ; <\/span><\/p>\n<\/div><\/div><\/div><\/div><div class=\"wpb_column vc_column_container\"><div class=\"vc_column-inner\"><div class=\"w-separator size_medium\"><\/div><div class=\"w-video align_none ratio_16x9 has_iframe\"><div class=\"w-video-h\"><iframe title=\"Youtube video player\" src=\"\/\/www.youtube.com\/embed\/0KfZAlSX14U?origin=https:\/\/bubu.balancezone.org&controls=1\" allowfullscreen=\"1\" loading=\"lazy\"><\/iframe><\/div><div class=\"w-video-icon\" style=\"font-size:1.5rem;background:rgba(0,0,0,0.5);color:#fff\"><\/div><\/div><\/div><\/div><\/div><\/div><\/div><\/div><\/div><\/section>\n","protected":false},"excerpt":{"rendered":"[rev_slider_vc alias=\"2019-20\"]Formation professionnelle 1000h,\u00a0 800h, 500h Demande de brochureYoga \u00e0 Paris Immersions et stages BALANCE ZONE organise des immersions yogiques et des stages de yoga. Les immersions se d\u00e9roulent pendant une semaine dans un endroit idyllique en nature, en bord de mer, \u00e0 la chaleur des \u00eele et des pays chauds. Cuisine v\u00e9g\u00e9tarienne, longues pratiques...","protected":false},"author":1,"featured_media":7663,"parent":0,"menu_order":0,"comment_status":"closed","ping_status":"closed","template":"","meta":{"_bbp_topic_count":0,"_bbp_reply_count":0,"_bbp_total_topic_count":0,"_bbp_total_reply_count":0,"_bbp_voice_count":0,"_bbp_anonymous_reply_count":0,"_bbp_topic_count_hidden":0,"_bbp_reply_count_hidden":0,"_bbp_forum_subforum_count":0,"footnotes":""},"_links":{"self":[{"href":"https:\/\/bubu.balancezone.org\/index.php?rest_route=\/wp\/v2\/pages\/5791"}],"collection":[{"href":"https:\/\/bubu.balancezone.org\/index.php?rest_route=\/wp\/v2\/pages"}],"about":[{"href":"https:\/\/bubu.balancezone.org\/index.php?rest_route=\/wp\/v2\/types\/page"}],"author":[{"embeddable":true,"href":"https:\/\/bubu.balancezone.org\/index.php?rest_route=\/wp\/v2\/users\/1"}],"replies":[{"embeddable":true,"href":"https:\/\/bubu.balancezone.org\/index.php?rest_route=%2Fwp%2Fv2%2Fcomments&post=5791"}],"version-history":[{"count":108,"href":"https:\/\/bubu.balancezone.org\/index.php?rest_route=\/wp\/v2\/pages\/5791\/revisions"}],"predecessor-version":[{"id":8309,"href":"https:\/\/bubu.balancezone.org\/index.php?rest_route=\/wp\/v2\/pages\/5791\/revisions\/8309"}],"wp:featuredmedia":[{"embeddable":true,"href":"https:\/\/bubu.balancezone.org\/index.php?rest_route=\/wp\/v2\/media\/7663"}],"wp:attachment":[{"href":"https:\/\/bubu.balancezone.org\/index.php?rest_route=%2Fwp%2Fv2%2Fmedia&parent=5791"}],"curies":[{"name":"wp","href":"https:\/\/api.w.org\/{rel}","templated":true}]}}