{"id":6080,"date":"2017-08-10T17:19:05","date_gmt":"2017-08-10T15:19:05","guid":{"rendered":"http:\/\/www.balancezone.org\/?page_id=6080"},"modified":"2020-03-31T12:00:35","modified_gmt":"2020-03-31T10:00:35","slug":"mentions","status":"publish","type":"page","link":"https:\/\/bubu.balancezone.org\/?page_id=6080","title":{"rendered":"mentions"},"content":{"rendered":"<section class=\"l-section wpb_row height_medium color_primary with_img\"><div class=\"l-section-img\" data-img-width=\"2000\" data-img-height=\"1333\" style=\"background-image: url(https:\/\/bubu.balancezone.org\/wp-content\/uploads\/2017\/08\/YOGA-MENTIONS.jpg);background-position: top left;background-repeat: no-repeat;\"><\/div><div class=\"l-section-h i-cf\"><div class=\"g-cols vc_row via_grid cols_1 laptops-cols_inherit tablets-cols_inherit mobiles-cols_1 valign_top type_default stacking_default\"><div class=\"wpb_column vc_column_container\"><div class=\"vc_column-inner\"><div class=\"g-cols wpb_row us_custom_c25b009d via_grid cols_2 laptops-cols_inherit tablets-cols_inherit mobiles-cols_1 valign_middle type_boxes stacking_default\"><div class=\"wpb_column vc_column_container us_animate_afl\" style=\"animation-delay:0.2s\"><div class=\"vc_column-inner\"><div class=\"wpb_text_column\"><div class=\"wpb_wrapper\"><h1>Mentions<\/h1>\n<\/div><\/div><\/div><\/div><div class=\"wpb_column vc_column_container\"><div class=\"vc_column-inner\"><\/div><\/div><\/div><div class=\"g-cols wpb_row us_custom_c25b009d via_grid cols_2 laptops-cols_inherit tablets-cols_inherit mobiles-cols_1 valign_middle type_boxes stacking_default\"><div class=\"wpb_column vc_column_container us_animate_afl\" style=\"animation-delay:0.2s\"><div class=\"vc_column-inner\"><div class=\"wpb_text_column\"><div class=\"wpb_wrapper\"><h6><strong>BALANCE ZONE<\/strong><\/h6>\n<p>4 RUE BOTZARIS 75020 PARIS<br \/>\nSIREN 517 616 041<br \/>\nSIRET (si\u00e8ge) 51761604100037<br \/>\nN\u00b0 AGREMENT : 11755353375<br \/>\nForme juridique : Association d\u00e9clar\u00e9e<\/p>\n<\/div><\/div><div class=\"wpb_text_column\"><div class=\"wpb_wrapper\"><h6><strong>Directrice de la publication<\/strong><\/h6>\n<p>Laurence Schroeder. Pour toutes suggestions, informations, r\u00e9actions concernant ce site, vous pouvez adresser un mail \u00e0 : <a href=\"http:\/\/www.balancezone.org\/contact\/\">Laurence Schroeder<\/a><\/p>\n<h6><strong>Site h\u00e9berg\u00e9 par :<\/strong><\/h6>\n<p>Quetzal Network <a href=\"https:\/\/www.quetzal-network.com\/securite-informatique-reseau\/\">s\u00e9curit\u00e9 informatique<\/a><br \/>\nZI D\u2019Estarac<br \/>\n31360 BOUSSENS<a href=\"mailto:contact@quetzal-network.com\"><br \/>\nemail<\/a><\/p>\n<h6><strong>Conception site<\/strong><\/h6>\n<p>Bleu de Prusse studio graphique <a href=\"mailto:virginie@bleudeprusse.com\">contact email<\/a><\/p>\n<h6><strong>Cr\u00e9dits<\/strong><\/h6>\n<p>Ce site internet a \u00e9t\u00e9 r\u00e9alis\u00e9 en utilisant la solution open-source WordPress.<br \/>\nCr\u00e9dits photo : Laurence Schroeder, Marc Thiriet. Ce site et son contenu sont soumis aux droits d\u2019auteur.<br \/>\nToute reproduction ou repr\u00e9sentation totale ou partielle de ce site et de son contenu par quelque proc\u00e9d\u00e9 que ce soit, sans autorisation expresse, est interdite.<\/p>\n<\/div><\/div><\/div><\/div><div class=\"wpb_column vc_column_container\"><div class=\"vc_column-inner\"><\/div><\/div><\/div><div class=\"w-separator size_medium\"><\/div><\/div><\/div><\/div><\/div><\/section>\n","protected":false},"excerpt":{"rendered":"Mentions BALANCE ZONE 4 RUE BOTZARIS 75020 PARIS SIREN 517 616 041 SIRET (si\u00e8ge) 51761604100037 N\u00b0 AGREMENT : 11755353375 Forme juridique : Association d\u00e9clar\u00e9e Directrice de la publication Laurence Schroeder. Pour toutes suggestions, informations, r\u00e9actions concernant ce site, vous pouvez adresser un mail \u00e0 : Laurence Schroeder Site h\u00e9berg\u00e9 par : Quetzal Network s\u00e9curit\u00e9 informatique...","protected":false},"author":1,"featured_media":0,"parent":0,"menu_order":0,"comment_status":"closed","ping_status":"closed","template":"","meta":{"_bbp_topic_count":0,"_bbp_reply_count":0,"_bbp_total_topic_count":0,"_bbp_total_reply_count":0,"_bbp_voice_count":0,"_bbp_anonymous_reply_count":0,"_bbp_topic_count_hidden":0,"_bbp_reply_count_hidden":0,"_bbp_forum_subforum_count":0,"footnotes":""},"_links":{"self":[{"href":"https:\/\/bubu.balancezone.org\/index.php?rest_route=\/wp\/v2\/pages\/6080"}],"collection":[{"href":"https:\/\/bubu.balancezone.org\/index.php?rest_route=\/wp\/v2\/pages"}],"about":[{"href":"https:\/\/bubu.balancezone.org\/index.php?rest_route=\/wp\/v2\/types\/page"}],"author":[{"embeddable":true,"href":"https:\/\/bubu.balancezone.org\/index.php?rest_route=\/wp\/v2\/users\/1"}],"replies":[{"embeddable":true,"href":"https:\/\/bubu.balancezone.org\/index.php?rest_route=%2Fwp%2Fv2%2Fcomments&post=6080"}],"version-history":[{"count":17,"href":"https:\/\/bubu.balancezone.org\/index.php?rest_route=\/wp\/v2\/pages\/6080\/revisions"}],"predecessor-version":[{"id":7649,"href":"https:\/\/bubu.balancezone.org\/index.php?rest_route=\/wp\/v2\/pages\/6080\/revisions\/7649"}],"wp:attachment":[{"href":"https:\/\/bubu.balancezone.org\/index.php?rest_route=%2Fwp%2Fv2%2Fmedia&parent=6080"}],"curies":[{"name":"wp","href":"https:\/\/api.w.org\/{rel}","templated":true}]}}